st common factor of 45 and z?
5
Let q(z) = 255*z**2 + 76*z + 64*z + 1 + 138*z**2 - 148*z - 3. Let s be q(2). What is the highest common factor of 42 and s?
42
Suppose 5*r = 25, -3*l + 2*r = -0*l - 263. Suppose 89*i + 20 = l*i. What is the highest common divisor of 45 and i?
5
Let b = -55 - -96. Let s(n) = -n**2 - 7*n + 30. Let z be s(4). Let m = b - z. What is the highest common factor of m and 11?
11
Suppose -5*i = 2*g - 1432, 4*i - 8*i + 1156 = -g. Suppose i*w = 296*w - 1904. What is the greatest common divisor of w and 51?
17
Let l(g) = -g**3 + 20*g**2 - 39*g - 34. Let q be l(17). Let v = -131 + q. What is the greatest common factor of 1131 and v?
39
Let m = 7724 - 6452. Calculate the greatest common divisor of m and 528.
24
Let i be 9 - -4 - (-14)/(-14). Suppose -n - 151 - 150 = -2*w, -3*w + 447 = 3*n. Calculate the greatest common factor of i and w.
6
Let y(t) = -32*t - 754. Let w be y(-24). What is the highest common divisor of 3318 and w?
14
Suppose 25265 = -115*t + 146*t. Calculate the highest common factor of 978 and t.
163
Let r be 251/4 - 396/(-176). What is the greatest common factor of 9685 and r?
65
Suppose 6*q = 18*q - 264. Suppose -4*k - q = -138. Let h = 47 - k. What is the highest common factor of h and 18?
18
Suppose 5*b + 2*t - 150 = 32, -b + 3*t + 33 = 0. Suppose 0 = -u, -b*l + 32*l - 3*u + 5560 = 0. What is the highest common divisor of 10 and l?
10
Let z be (4/32*-4)/(2/(-172)). Suppose -3*d - 12 = -99. Let s = z - d. What is the highest common divisor of s and 7?
7
Suppose 14369 - 5269 = -40*o + 92*o. Calculate the greatest common factor of 154 and o.
7
Let h = -4615 + 4625. What is the greatest common divisor of h and 1710?
10
Let q = 168 - -225. Suppose -3*i - 2*l + 136 = -1021, 3*l = i - q. Calculate the highest common divisor of 43 and i.
43
Suppose 0 = -18*q + 21*q - 24. Suppose -2*o = 2*o + 3184. Let w be -2*(o/q + -4). Calculate the highest common factor of 23 and w.
23
Let m be (8/28 - 0) + (-276)/(-14). Let x be 120/18*(-126)/(-28). Calculate the greatest common divisor of m and x.
10
Let c be (-313 + 318)/(((-15)/96)/(-5)). Calculate the greatest common factor of 15920 and c.
80
Let n(g) = g**3 + 13*g**2 + 7*g - 5. Let d = -207 + 195. Let q be n(d). Calculate the highest common factor of q and 165.
55
Let z(q) = q + 17. Let a be z(-14). Suppose 0 = 3*j - j - 84. Let s be (2 + (-20)/7)*j/(-9). Calculate the highest common factor of s and a.
1
Let l(g) = 2*g + 62. Let o = 40 + -38. Let n be l(o). Calculate the highest common factor of 24 and n.
6
Let l = -132 - -128. Let c be (58/(-8))/(5/l - -1). Suppose 2*t - 3*h - 290 = -0*t, 3*t - 435 = 5*h. What is the highest common divisor of t and c?
29
Let y = -594 + 2642. Calculate the greatest common divisor of 12 and y.
4
Suppose 14 = 2*c, -9*c + 12*c + 63 = 3*v. Calculate the greatest common divisor of 280 and v.
28
Let g = -3 + 5. Suppose 0 = 6*p - 87 + 63. Suppose -p*o = 2*d - 36, 6 = -d - o + 5*o. Calculate the highest common divisor of g and d.
2
Let s(c) = -c**3 + 9*c**2 + 84*c - 369. Let v be s(13). What is the greatest common divisor of 1927 and v?
47
Let v be -2 + 3*(-39)/(-9). Suppose -4*p = 5*a - v, a - 8 + 5 = -p. Let k be ((-18)/p)/((-9)/108). Calculate the greatest common factor of 9 and k.
9
Suppose -345 = -23*x + 21*x - 77. Calculate the highest common factor of 12998 and x.
134
Suppose -7*y + 5648 = y. Let x be (-1)/5 - y/(-5). Suppose r - x = -4*j, j + 2*r = -2*j + 102. What is the highest common divisor of 4 and j?
4
Suppose s + 13417 = 5*o, -18*o = -23*o + 4*s + 13393. Calculate the greatest common factor of o and 135.
15
Suppose 26039*x - 14341 + 75787 = 26053*x. What is the greatest common factor of 231 and x?
231
Suppose 5*v + 34 = 3*u - 108, 0 = 3*u + 4*v - 97. Suppose -2*z + 0*z = -1146. Let h = -144 + z. What is the greatest common divisor of h and u?
39
Let h be -3*(-1)/(-3) + 35. Suppose h = 4*i + 10. Let c be ((-3)/i)/((-5)/10). Calculate the greatest common factor of c and 7.
1
Let f be (-3)/(-18) + (190/300 - (-1)/5). What is the greatest common divisor of f and 256?
1
Let h = 5047 - 4661. What is the greatest common factor of 6 and h?
2
Let q be 13509*(-13 - (-325)/39 - -5). Calculate the highest common divisor of 57 and q.
57
Suppose -4*c + 26 = 5*v, 4*c + 198 = 4*v + 242. What is the highest common divisor of c and 2547?
9
Suppose 3*s - t - 1000 = -3*t, -10 = -2*t. Suppose -239*i + 242*i - s = 0. Calculate the greatest common factor of i and 22.
22
Let l be 4/146 + (-10224)/(-5183). Calculate the highest common divisor of 7054 and l.
2
Let r(y) = 1091*y - 3241. Let p be r(3). Calculate the greatest common divisor of 3904 and p.
32
Let o = 1435 + -1019. Let j(v) = 37*v + 237. Let h be ((-260)/(-156))/(-1*1/3). Let t be j(h). Calculate the greatest common factor of o and t.
52
Suppose f - 41 = 4*v, -f - v = 23 - 34. Suppose -4*i + 153 = -5*g - 41, -i + g = -49. Calculate the greatest common divisor of i and f.
17
Suppose -y = 2*y - f - 361, -2*f = -5*y + 602. Let c(z) = 22*z**2 + 218*z - 428. Let m be c(2). What is the greatest common factor of m and y?
24
Suppose 2*k - 3*q - 1681 = 0, k + 3*q = -3*k + 3317. What is the highest common factor of 17 and k?
17
Suppose -649*r + 632*r + 15249 = 0. Suppose 8*i + 39 = 9*i. What is the highest common factor of i and r?
39
Let i be (1 + (176 - 3))/((-58)/(-29)). What is the greatest common factor of i and 24?
3
Suppose 0 = -5*w + 37 + 33. Suppose -17*y + 210 = -w*y. Let o(l) = -2*l - 14. Let d be o(-12). What is the highest common factor of d and y?
10
Suppose 11*n = -4*n + 39803 + 113077. Calculate the highest common divisor of 56 and n.
56
Let a(k) = 4*k + 25. Let i(j) = 2*j**2 + 13*j + 9. Let s be i(-5). Let z be a(s). Let w be 34 + z + 1 - 4. Calculate the greatest common factor of 16 and w.
16
Suppose 1383 + 961 = 5*t - 4*f, 456 = t - 4*f. Calculate the highest common divisor of t and 2.
2
Let k be (5 - 190/(-4))/((-3)/(-4)). Suppose -6227 = -46*w + 3433. What is the greatest common divisor of k and w?
70
Let g(o) be the second derivative of -o**3/3 + o**2/2 + o. Let m be g(-8). Let n be (0*(-8)/(-32) - -7)*17. Calculate the highest common divisor of m and n.
17
Let s = -1034 - -1058. Suppose -5*p + k + 477 = -2*k, -5*p - 4*k + 484 = 0. What is the highest common factor of p and s?
24
Let s(i) be the third derivative of -2*i**4/3 + 3*i**3/2 + 19*i**2. Let q be s(-5). Let h = q + -54. Calculate the greatest common factor of 70 and h.
35
Let d(m) = 2*m**2 - 34*m - 176. Let b be d(-7). Let k be 15/10 - (-78)/4*3. Calculate the greatest common factor of k and b.
20
Let k be 3 + (-3 - 249/(-3)). Suppose 3*y + 29 = k. What is the greatest common divisor of y and 414?
18
Suppose 22*m + 42*m - 6720 = 0. Calculate the highest common divisor of 4305 and m.
105
Let r = -205 + 208. Suppose -4*n + q = -r*n - 73, 0 = -2*q + 8. What is the greatest common divisor of 14 and n?
7
Let l = -2477 - -3748. What is the greatest common factor of 82 and l?
41
Let x = 7492 - 7362. Calculate the greatest common divisor of x and 1100.
10
Let b be (3366/297 - (2 - -1))/((-1)/(-3)). Let m be 2/3 + 4/(-6). Suppose 0*a + a - 50 = m. What is the highest common factor of b and a?
25
Let b be (303 - 24)*1/3. Let t = 94 - b. Let m be ((-80)/(-10))/(t*(-4)/(-30)). What is the highest common factor of m and 20?
20
Suppose 0 = 2*d - 5*h - 6 - 2, -4*d - 4 = -5*h. Let z be (-1*4/d)/((-13)/(-234)). What is the greatest common divisor of 228 and z?
12
Let w = 1671 - 711. Calculate the highest common factor of 300 and w.
60
Let a be (5/2)/(9/18). Suppose -5*k = 3*i - 295, -a*k + 138 + 62 = 2*i. Calculate the highest common factor of i and 57.
19
Let g be (4 - 4)/(4 - 3). Suppose g = 12*w - 499 - 221. Calculate the greatest common divisor of 16 and w.
4
Let x(q) = 2*q**2 - 12*q - 949. Let b be x(-21). Calculate the highest common factor of b and 6253.
37
Let k = -890 - -905. What is the greatest common divisor of k and 24?
3
Let k(j) = -20*j**2 - 4 - 5 - 12*j + 21*j**2. Let v be k(13). Suppose -d + 22 + v = 0. What is the highest common factor of d and 182?
26
Let q = 154 + -157. Let p = 123 + q. Calculate the highest common divisor of p and 48.
24
Suppose o + 2*m - 304 = 132, -4*m - 478 = -o. Let n be (24/(-10))/(4/(-30)). Cal